8475.
246
Calculate the remainder when 1551262 is divided by 461.
458
What is the remainder when 2186 is divided by 512?
138
Calculate the remainder when 6318 is divided by 242.
26
Calculate the remainder when 2481 is divided by 381.
195
What is the remainder when 201753 is divided by 67241?
30
Calculate the remainder when 220 is divided by 100.
20
What is the remainder when 179750 is divided by 7?
4
Calculate the remainder when 124119 is divided by 12405.
69
Calculate the remainder when 33900 is divided by 1474.
1472
Calculate the remainder when 11828 is divided by 303.
11
What is the remainder when 2840 is divided by 318?
296
What is the remainder when 18395 is divided by 9?
8
What is the remainder when 97784 is divided by 50?
34
Calculate the remainder when 8258 is divided by 595.
523
What is the remainder when 6197 is divided by 1516?
133
Calculate the remainder when 1959 is divided by 468.
87
Calculate the remainder when 22723 is divided by 1296.
691
What is the remainder when 16020 is divided by 34?
6
Calculate the remainder when 1045254 is divided by 5149.
7
What is the remainder when 2847 is divided by 3?
0
Calculate the remainder when 2794262 is divided by 226.
224
Calculate the remainder when 12181 is divided by 3.
1
What is the remainder when 1915 is divided by 103?
61
Calculate the remainder when 1255383 is divided by 253.
250
Calculate the remainder when 49578 is divided by 183.
168
What is the remainder when 19890 is divided by 240?
210
What is the remainder when 2684 is divided by 822?
218
Calculate the remainder when 130822 is divided by 1014.
16
What is the remainder when 7572 is divided by 139?
66
What is the remainder when 13742 is divided by 13612?
130
Calculate the remainder when 21527 is divided by 769.
764
What is the remainder when 30970 is divided by 4421?
23
What is the remainder when 8191 is divided by 139?
129
Calculate the remainder when 1041138 is divided by 1128.
1122
What is the remainder when 47139 is divided by 58?
43
What is the remainder when 35409 is divided by 41?
26
What is the remainder when 2050 is divided by 316?
154
Calculate the remainder when 134990 is divided by 218.
48
What is the remainder when 2156 is divided by 710?
26
Calculate the remainder when 22016 is divided by 123.
122
What is the remainder when 17514 is divided by 2914?
30
Calculate the remainder when 17085 is divided by 2844.
21
What is the remainder when 727357 is divided by 25?
7
Calculate the remainder when 2105 is divided by 695.
20
What is the remainder when 36589 is divided by 18264?
61
Calculate the remainder when 13113 is divided by 463.
149
What is the remainder when 23512 is divided by 940?
12
What is the remainder when 41858 is divided by 124?
70
What is the remainder when 1450 is divided by 197?
71
Calculate the remainder when 41056 is divided by 5864.
8
What is the remainder when 31270 is divided by 12?
10
What is the remainder when 173907 is divided by 322?
27
What is the remainder when 11508 is divided by 522?
24
Calculate the remainder when 617581 is divided by 11.
8
What is the remainder when 26115 is divided by 55?
45
Calculate the remainder when 14811 is divided by 2897.
326
What is the remainder when 41971 is divided by 583?
578
Calculate the remainder when 109666 is divided by 15651.
109
What is the remainder when 17952 is divided by 1562?
770
What is the remainder when 7 is divided by 1?
0
What is the remainder when 456856 is divided by 60?
16
What is the remainder when 3056 is divided by 255?
251
What is the remainder when 268450 is divided by 134217?
16
Calculate the remainder when 711555 is divided by 589.
43
What is the remainder when 1842 is divided by 80?
2
What is the remainder when 2762423 is divided by 174?
173
Calculate the remainder when 2455 is divided by 815.
10
Calculate the remainder when 108543 is divided by 828.
75
Calculate the remainder when 164162 is divided by 14922.
20
What is the remainder when 12337 is divided by 6118?
101
Calculate the remainder when 6254 is divided by 411.
89
Calculate the remainder when 7445 is divided by 377.
282
What is the remainder when 12732 is divided by 11924?
808
Calculate the remainder when 162351 is divided by 23.
17
Calculate the remainder when 13359 is divided by 836.
819
Calculate the remainder when 14806 is divided by 4931.
13
What is the remainder when 347112 is divided by 86777?
4
What is the remainder when 147 is divided by 7?
0
Calculate the remainder when 27648 is divided by 486.
432
Calculate the remainder when 296826 is divided by 1178.
1148
What is the remainder when 242850 is divided by 12142?
10
What is the remainder when 4653 is divided by 475?
378
Calculate the remainder when 256794 is divided by 252.
6
What is the remainder when 27657 is divided by 34?
15
Calculate the remainder when 7526 is divided by 219.
80
Calculate the remainder when 12369 is divided by 1040.
929
What is the remainder when 4340 is divided by 321?
167
Calculate the remainder when 83807 is divided by 144.
143
What is the remainder when 9546 is divided by 2385?
6
What is the remainder when 23744 is divided by 176?
160
What is the remainder when 97166 is divided by 53?
17
What is the remainder when 316574 is divided by 225?
224
What is the remainder when 3271 is divided by 783?
139
Calculate the remainder when 520 is divided by 13.
0
Calculate the remainder when 21645 is divided by 267.
18
What is the remainder when 1906 is divided by 617?
55
What is the remainder when 993 is divided by 32?
1
What is the remainder when 23054 is divided by 131?
129
Calculate the remainder when 135149 is divided by 14.
7
What is the remainder when 1212927 is divided by 28?
23
What is the remainder when 1466 is divided by 616?
234
Calculate the remainder when 1489 is divided by 729.
31
What is the remainder when 214277 is divided by 5791?
10
Calculate the remainder when 111340 is divided by 843.
64
What is the remainder when 658 is divided by 497?
161
Calculate the remainder when 5972 is divided by 289.
192
Calculate the remainder when 208402 is divided by 18.
16
Calculate the remainder when 2863 is divided by 5.
3
Calculate the remainder when 30397 is divided by 15197.
3
What is the remainder when 5871 is divided by 943?
213
Calculate the remainder when 14217 is divided by 10956.
3261
What is the remainder when 185079 is divided by 3191?
1
Calculate the remainder when 141754 is divided by 688.
26
What is the remainder when 13266 is divided by 577?
572
What is the remainder when 74255 is divided by 151?
114
What is the remainder when 7853 is divided by 66?
65
What is the remainder when 5793 is divided by 427?
242
Calculate the remainder when 72894 is divided by 24297.
3
What is the remainder when 2192 is divided by 169?
164
Calculate the remainder when 369521 is divided by 14.
5
What is the remainder when 213392 is divided by 637?
634
Calculate the remainder when 2172531 is divided by 546.
543
Calculate the remainder when 366906 is divided by 33.
12
What is the remainder when 10226 is divided by 1459?
13
What is the remainder when 8216 is divided by 3990?
236
Calculate the remainder when 256247 is divided by 2172.
2123
What is the remainder when 641475 is divided by 34?
31
Calculate the remainder when 188143 is divided by 262.
27
What is the remainder when 1525 is divided by 232?
133
What is the remainder when 113915 is divided by 128?
123
What is the remainder when 4922 is divided by 2440?
42
Calculate the remainder when 580316 is divided by 806.
802
What is the remainder when 4752 is divided by 143?
33
Calculate the remainder when 18822 is divided by 138.
54
What is the remainder when 5494907 is divided by 883?
881
What is the remainder when 1141 is divided by 26?
23
What is the remainder when 3299061 is divided by 1361?
1358
What is the remainder when 2387 is divided by 164?
91
Calculate the remainder when 1958 is divided by 339.
263
Calculate the remainder when 20304 is divided by 4965.
444
Calculate the remainder when 61021 is divided by 33.
4
Calculate the remainder when 1081 is divided by 835.
246
Calculate the remainder when 802 is divided by 211.
169
What is the remainder when 3372 is divided by 1083?
123
Calculate the remainder when 407429 is divided by 405.
404
Calculate the remai